{"id":80,"date":"2019-12-19T13:56:48","date_gmt":"2019-12-19T13:56:48","guid":{"rendered":"https:\/\/aixmix.de\/wordpress\/?page_id=80"},"modified":"2021-06-09T09:51:32","modified_gmt":"2021-06-09T09:51:32","slug":"neuigkeiten","status":"publish","type":"page","link":"https:\/\/aixmix.de\/wordpress\/index.php\/neuigkeiten\/","title":{"rendered":"Neuigkeiten"},"content":{"rendered":"<p>[et_pb_section fb_built=&#8220;1&#8243; _builder_version=&#8220;3.26.5&#8243; background_image=&#8220;https:\/\/aixmix.de\/wordpress\/wp-content\/uploads\/2019\/12\/pic07.jpg&#8220;][et_pb_row _builder_version=&#8220;3.26.5&#8243;][et_pb_column type=&#8220;4_4&#8243; _builder_version=&#8220;3.26.5&#8243;][et_pb_post_title meta=&#8220;off&#8220; featured_image=&#8220;off&#8220; text_color=&#8220;light&#8220; _builder_version=&#8220;3.26.5&#8243; title_font=&#8220;|600|||||||&#8220; title_font_size=&#8220;40px&#8220; text_orientation=&#8220;center&#8220; box_shadow_style=&#8220;preset1&#8243; box_shadow_blur=&#8220;29px&#8220; box_shadow_spread=&#8220;18px&#8220; text_shadow_style=&#8220;preset4&#8243;][\/et_pb_post_title][et_pb_divider show_divider=&#8220;off&#8220; _builder_version=&#8220;3.26.5&#8243;][\/et_pb_divider][et_pb_text _builder_version=&#8220;3.27.4&#8243;]<\/p>\n<h1 style=\"text-align: center;\"><span style=\"color: #ffffff;\"><strong>Einfach INNOVATIV&#8230;<\/strong><\/span><\/h1>\n<p>[\/et_pb_text][\/et_pb_column][\/et_pb_row][\/et_pb_section][et_pb_section fb_built=&#8220;1&#8243; _builder_version=&#8220;3.22&#8243;][et_pb_row _builder_version=&#8220;3.26.5&#8243;][et_pb_column type=&#8220;4_4&#8243; _builder_version=&#8220;3.26.5&#8243;][et_pb_text _builder_version=&#8220;3.27.4&#8243;]<\/p>\n<h3 style=\"text-align: left;\"><span style=\"color: #008000;\">Egal, wie Ihre pers\u00f6nlichen Vorlieben beim Kochen aussehen \u2013 mit Thermomix\u00ae finden Sie die Antwort.<\/span><\/h3>\n<p>[\/et_pb_text][\/et_pb_column][\/et_pb_row][et_pb_row column_structure=&#8220;3_4,1_4&#8243; _builder_version=&#8220;3.26.5&#8243;][et_pb_column type=&#8220;3_4&#8243; _builder_version=&#8220;3.26.5&#8243;][et_pb_text _builder_version=&#8220;3.27.4&#8243;]<\/p>\n<h3><span style=\"color: #008000;\"><strong>V\u00f6llig neue Kochfunktionen f\u00fcr den Thermomix\u00ae TM6!<\/strong><\/span><\/h3>\n<p>[\/et_pb_text][et_pb_text _builder_version=&#8220;3.27.4&#8243;]<\/p>\n<p><b><span style=\"color: #008000;\">Der Modus \u201eReis kochen\u201c<\/span><span>\u00a0<\/span><\/b><span>ist super f\u00fcr alle, die endlich automatisch Reis auf ihrem Thermomix\u00ae TM6 kochen wollen. Setzen Sie den Mixtopf einfach mit 200-500g Langkornreis und der doppelten Menge Wasser auf. Achten Sie darauf, dass das Verh\u00e4ltnis von Reis zu Wasser immer 1:2 ist! Geben Sie, je nach Geschmack, \u00bd-1 TL \u00d6l und \u00bd-2 TL Salz zu. Dann einfach den Mixtopfdeckel schlie\u00dfen und den W\u00e4hler drehen um den Modus zu starten.<\/span><b><br \/> <span style=\"color: #008000;\">Gut zu wissen: Der Modus funktioniert nicht nur mit Langkornreis, sondern auch mit Basmatireis, Wildreis oder Bulgur!<\/span><\/b><\/p>\n<p>[\/et_pb_text][et_pb_text _builder_version=&#8220;3.27.4&#8243;]<\/p>\n<p><b><span style=\"color: #008000;\">Der neue Modus \u201eAndicken\u201c:<\/span><span>\u00a0<\/span><\/b><span>Ein echtes Highlight, denn mit diesem Modus k\u00f6nnen Sie Saucen oder Puddings zubereiten, die mit Eiern, Mehl oder St\u00e4rke angedickt werden. Sie k\u00f6nnen einfach super easy alle Zutaten temperaturunabh\u00e4ngig gemeinsam in den Mixtopf geben, die Temperatur auf 80\u00b0C bzw. 100\u00b0C einstellen und den W\u00e4hler zum Start des Modus drehen \u2013 mehr nicht! Das Ergebnis: kl\u00fcmpchenfreie, perfekt angedickte Saucen.<\/span><\/p>\n<p><span>Tipp: Bei Rezepten wie Sauce Bernaise oder Hollandaise entf\u00e4llt somit auf das langsame Tr\u00f6pfeln der geschmolzenen Butter auf\u2019s Mixmesser.<\/span><\/p>\n<p>[\/et_pb_text][et_pb_button button_url=&#8220;https:\/\/aixmix.de\/wordpress\/index.php\/kontakt\/&#8220; url_new_window=&#8220;on&#8220; button_text=&#8220;Noch Fragen?&#8220; button_alignment=&#8220;left&#8220; _builder_version=&#8220;3.26.5&#8243; custom_button=&#8220;on&#8220; button_text_color=&#8220;#347f0b&#8220; button_border_radius=&#8220;50px&#8220; animation_style=&#8220;slide&#8220;][\/et_pb_button][\/et_pb_column][et_pb_column type=&#8220;1_4&#8243; _builder_version=&#8220;3.26.5&#8243;][et_pb_image src=&#8220;https:\/\/aixmix.de\/wordpress\/wp-content\/uploads\/2019\/12\/IMG-20191220-WA0003-e1576834098424.jpg&#8220; _builder_version=&#8220;3.26.5&#8243;][\/et_pb_image][et_pb_button button_url=&#8220;https:\/\/www.youtube.com\/watch?v=5LIn5aP-7U8&#8243; url_new_window=&#8220;on&#8220; button_text=&#8220;Video: Reis kochen&#8220; _builder_version=&#8220;3.26.5&#8243;][\/et_pb_button][et_pb_image src=&#8220;https:\/\/aixmix.de\/wordpress\/wp-content\/uploads\/2019\/12\/IMG-20191220-WA0004-e1576834144219.jpg&#8220; _builder_version=&#8220;3.26.5&#8243;][\/et_pb_image][\/et_pb_column][\/et_pb_row][et_pb_row _builder_version=&#8220;3.26.5&#8243;][et_pb_column type=&#8220;4_4&#8243; _builder_version=&#8220;3.26.5&#8243;][et_pb_divider color=&#8220;#347f0b&#8220; divider_weight=&#8220;5px&#8220; _builder_version=&#8220;3.26.5&#8243; filter_opacity=&#8220;50%&#8220;][\/et_pb_divider][\/et_pb_column][\/et_pb_row][et_pb_row column_structure=&#8220;3_4,1_4&#8243; _builder_version=&#8220;3.26.5&#8243;][et_pb_column type=&#8220;3_4&#8243; _builder_version=&#8220;3.26.5&#8243;][et_pb_text _builder_version=&#8220;3.27.4&#8243;]<\/p>\n<h3><span style=\"color: #008000;\"><strong>Die Thermomix\u00ae Welle ist da<\/strong><\/span><\/h3>\n<p>[\/et_pb_text][et_pb_text _builder_version=&#8220;3.27.4&#8243;]<\/p>\n<p><strong>Kochen wie ein Profi mit dem brandneuen Zubeh\u00f6r f\u00fcr den Thermomix\u00ae<\/strong><br \/>Auf den Punkt gegarte Rindersteaks, saftiges Lachsfilet oder knackiges Gem\u00fcse: Die Welle, das neue Zubeh\u00f6r f\u00fcr den Thermomix\u00ae, perfektioniert Sous-vide-Garen und Slow cooking und sorgt f\u00fcr<span>\u00a0<\/span><a href=\"https:\/\/thermomix.vorwerk.de\/sternekueche-zuhause-sous-vide-garen-mit-dem-thermomix\/\" id=\"ga_ela_1933781567_0\">Sternek\u00fcche<\/a><span>\u00a0<\/span>in den eigenen vier W\u00e4nden.<\/p>\n<p>[\/et_pb_text][\/et_pb_column][et_pb_column type=&#8220;1_4&#8243; _builder_version=&#8220;3.26.5&#8243;][et_pb_button button_url=&#8220;https:\/\/www.youtube.com\/watch?v=9oz976x0w9k&#8220; url_new_window=&#8220;on&#8220; button_text=&#8220;Video: Die Welle&#8220; _builder_version=&#8220;3.26.5&#8243;][\/et_pb_button][et_pb_button button_url=&#8220;https:\/\/cookidoo.de\/search\/de-DE?context=recipes&#038;countries=de&#038;query=messerabdeckung&#8220; url_new_window=&#8220;on&#8220; button_text=&#8220;Rezepte mit der Welle&#8220; _builder_version=&#8220;3.26.5&#8243;][\/et_pb_button][\/et_pb_column][\/et_pb_row][et_pb_row _builder_version=&#8220;3.26.5&#8243;][et_pb_column type=&#8220;4_4&#8243; _builder_version=&#8220;3.26.5&#8243;][et_pb_button button_url=&#8220;https:\/\/aixmix.de\/wordpress\/index.php\/kontakt\/&#8220; url_new_window=&#8220;on&#8220; button_text=&#8220;Noch Fragen?&#8220; button_alignment=&#8220;left&#8220; _builder_version=&#8220;3.26.5&#8243; custom_button=&#8220;on&#8220; button_text_color=&#8220;#347f0b&#8220; button_border_radius=&#8220;50px&#8220; animation_style=&#8220;slide&#8220;][\/et_pb_button][et_pb_divider color=&#8220;#347f0b&#8220; divider_weight=&#8220;5px&#8220; _builder_version=&#8220;3.26.5&#8243; filter_opacity=&#8220;50%&#8220;][\/et_pb_divider][\/et_pb_column][\/et_pb_row][et_pb_row column_structure=&#8220;3_4,1_4&#8243; _builder_version=&#8220;3.26.5&#8243;][et_pb_column type=&#8220;3_4&#8243; _builder_version=&#8220;3.26.5&#8243;][et_pb_text _builder_version=&#8220;3.27.4&#8243;]<\/p>\n<h3><strong><span style=\"color: #008000;\">Rock Deinen Ofen!<\/span><\/strong><\/h3>\n<p>[\/et_pb_text][et_pb_text _builder_version=&#8220;3.27.4&#8243;]<\/p>\n<p><b>Lerne die Thermomix\u00ae Steingut-Serie kennen!<\/b><br \/> Die neuen Steingut-Formen sind die perfekte Erg\u00e4nzung zu deinem Thermomix\u00ae!<\/p>\n<p>Backform Ben ist ein absoluter Allrounder und l\u00e4sst dich nie im Stich. Auflaufform Anna l\u00e4sst himmlische Kuchen zaubern. Mit Br\u00e4ter Betty bekommst du komplette Familien satt und mit Pizzastein Paul machst du alle gl\u00fccklich!<\/p>\n<p>Im Online-Shop kannst Du alle Formen entdecken und nat\u00fcrlich ist die Steingut-Serie ab sofort auch in unseren Vorwerk Stores erh\u00e4ltlich.<\/p>\n<p>[\/et_pb_text][\/et_pb_column][et_pb_column type=&#8220;1_4&#8243; _builder_version=&#8220;3.26.5&#8243;][et_pb_button button_url=&#8220;https:\/\/aixmix.de\/wordpress\/index.php\/kontakt\/&#8220; url_new_window=&#8220;on&#8220; button_text=&#8220;Noch Fragen?&#8220; button_alignment=&#8220;left&#8220; _builder_version=&#8220;3.26.5&#8243; custom_button=&#8220;on&#8220; button_text_color=&#8220;#347f0b&#8220; button_border_radius=&#8220;50px&#8220; animation_style=&#8220;slide&#8220;][\/et_pb_button][\/et_pb_column][\/et_pb_row][et_pb_row _builder_version=&#8220;3.26.5&#8243;][et_pb_column type=&#8220;4_4&#8243; _builder_version=&#8220;3.26.5&#8243;][et_pb_divider color=&#8220;#347f0b&#8220; divider_weight=&#8220;5px&#8220; _builder_version=&#8220;3.26.5&#8243; filter_opacity=&#8220;50%&#8220;][\/et_pb_divider][et_pb_text _builder_version=&#8220;3.27.4&#8243; header_3_line_height=&#8220;1.5em&#8220;]<\/p>\n<h3 style=\"text-align: justify;\">Auf die t\u00e4gliche K\u00fcchenfrage \u201eWas koche ich heute?\u201c liefert das digitale Thermomix\u00ae Rezept-Portal Cookidoo\u00ae mit tausenden Rezepten aus unseren Kochb\u00fcchern und Kollektionen schmackhafte Inspiration. Und das Beste: Sie k\u00f6nnen direkt von Ihrem Thermomix\u00ae aus auf Cookidoo\u00ae zugreifen.<\/h3>\n<p>[\/et_pb_text][et_pb_number_counter title=&#8220;Einfach.Selbst.Gemacht.&#8220; number=&#8220;100&#8243; _builder_version=&#8220;3.26.5&#8243; title_level=&#8220;h1&#8243; title_font=&#8220;|700|||||||&#8220; title_text_color=&#8220;#347f0b&#8220; number_text_color=&#8220;#347f0b&#8220;][\/et_pb_number_counter][et_pb_divider color=&#8220;#347f0b&#8220; divider_weight=&#8220;5px&#8220; _builder_version=&#8220;3.26.5&#8243; filter_opacity=&#8220;50%&#8220;][\/et_pb_divider][et_pb_text _builder_version=&#8220;4.9.0&#8243; _module_preset=&#8220;default&#8220; header_3_font_size=&#8220;20px&#8220; header_3_line_height=&#8220;1.5em&#8220; hover_enabled=&#8220;0&#8243; locked=&#8220;off&#8220; sticky_enabled=&#8220;0&#8243;]<\/p>\n<h3 style=\"text-align: justify;\">Das aktuelle Angebot und eine Auswahl meiner f\u00fcr InteressentInnen offenen K\u00fcchenpartys findest du auf meiner Mysite, das Informationsportal der Thermomix-Repr\u00e4sentantinnen.<\/h3>\n<h3 style=\"text-align: justify;\">Bitte nehme vor einer Bestellung \u00fcber diesen Link unbedingt pers\u00f6nlichen Kontakt mit mir auf, damit ich dich individuell beraten kann.<\/h3>\n<h3 style=\"text-align: justify;\">Auch in diesem Fall ist die kontaktlose Bestellung weiterhin m\u00f6glich.<\/h3>\n<p>[\/et_pb_text][et_pb_button button_url=&#8220;https:\/\/www.vorwerk.com\/de\/de\/c\/home\/produkt-vorfuehrung\/thermomix-kundenberatung\/thermomix.html\/ulrike.charlier&#8220; url_new_window=&#8220;on&#8220; button_text=&#8220;Mysite&#8220; button_alignment=&#8220;center&#8220; _builder_version=&#8220;4.9.0&#8243; _module_preset=&#8220;default&#8220; custom_button=&#8220;on&#8220; button_text_size=&#8220;30px&#8220; button_border_width=&#8220;3px&#8220; button_text_shadow_style=&#8220;preset4&#8243; box_shadow_style=&#8220;preset1&#8243; locked=&#8220;off&#8220;][\/et_pb_button][\/et_pb_column][\/et_pb_row][\/et_pb_section]<\/p>\n","protected":false},"excerpt":{"rendered":"<p>Einfach INNOVATIV&#8230;Egal, wie Ihre pers\u00f6nlichen Vorlieben beim Kochen aussehen \u2013 mit Thermomix\u00ae finden Sie die Antwort.V\u00f6llig neue Kochfunktionen f\u00fcr den Thermomix\u00ae TM6!Der Modus \u201eReis kochen\u201c\u00a0ist super f\u00fcr alle, die endlich automatisch Reis auf ihrem Thermomix\u00ae TM6 kochen wollen. Setzen Sie den Mixtopf einfach mit 200-500g Langkornreis und der doppelten Menge Wasser auf. Achten Sie darauf, [&hellip;]<\/p>\n","protected":false},"author":1,"featured_media":0,"parent":0,"menu_order":0,"comment_status":"closed","ping_status":"closed","template":"","meta":{"_et_pb_use_builder":"on","_et_pb_old_content":"","_et_gb_content_width":""},"_links":{"self":[{"href":"https:\/\/aixmix.de\/wordpress\/index.php\/wp-json\/wp\/v2\/pages\/80"}],"collection":[{"href":"https:\/\/aixmix.de\/wordpress\/index.php\/wp-json\/wp\/v2\/pages"}],"about":[{"href":"https:\/\/aixmix.de\/wordpress\/index.php\/wp-json\/wp\/v2\/types\/page"}],"author":[{"embeddable":true,"href":"https:\/\/aixmix.de\/wordpress\/index.php\/wp-json\/wp\/v2\/users\/1"}],"replies":[{"embeddable":true,"href":"https:\/\/aixmix.de\/wordpress\/index.php\/wp-json\/wp\/v2\/comments?post=80"}],"version-history":[{"count":19,"href":"https:\/\/aixmix.de\/wordpress\/index.php\/wp-json\/wp\/v2\/pages\/80\/revisions"}],"predecessor-version":[{"id":325,"href":"https:\/\/aixmix.de\/wordpress\/index.php\/wp-json\/wp\/v2\/pages\/80\/revisions\/325"}],"wp:attachment":[{"href":"https:\/\/aixmix.de\/wordpress\/index.php\/wp-json\/wp\/v2\/media?parent=80"}],"curies":[{"name":"wp","href":"https:\/\/api.w.org\/{rel}","templated":true}]}}