{"id":26,"date":"2019-12-19T10:54:37","date_gmt":"2019-12-19T10:54:37","guid":{"rendered":"https:\/\/aixmix.de\/wordpress\/?page_id=26"},"modified":"2021-06-09T09:53:13","modified_gmt":"2021-06-09T09:53:13","slug":"tm6","status":"publish","type":"page","link":"https:\/\/aixmix.de\/wordpress\/index.php\/tm6\/","title":{"rendered":"Thermomix\u00ae TM6"},"content":{"rendered":"<p>[et_pb_section fb_built=&#8220;1&#8243; _builder_version=&#8220;3.26.5&#8243; background_image=&#8220;https:\/\/aixmix.de\/wordpress\/wp-content\/uploads\/2019\/12\/pic07.jpg&#8220;][et_pb_row _builder_version=&#8220;3.26.5&#8243; background_color=&#8220;rgba(0,0,0,0)&#8220;][et_pb_column type=&#8220;4_4&#8243; _builder_version=&#8220;3.26.5&#8243;][et_pb_post_title meta=&#8220;off&#8220; featured_image=&#8220;off&#8220; text_color=&#8220;light&#8220; _builder_version=&#8220;3.26.5&#8243; title_font=&#8220;|600|||||||&#8220; title_font_size=&#8220;40px&#8220; background_color=&#8220;#347f0b&#8220; text_orientation=&#8220;center&#8220; box_shadow_style=&#8220;preset1&#8243; box_shadow_blur=&#8220;29px&#8220; box_shadow_spread=&#8220;18px&#8220; text_shadow_style=&#8220;preset4&#8243;][\/et_pb_post_title][\/et_pb_column][\/et_pb_row][et_pb_row _builder_version=&#8220;3.26.5&#8243;][et_pb_column type=&#8220;4_4&#8243; _builder_version=&#8220;3.26.5&#8243;][et_pb_divider show_divider=&#8220;off&#8220; _builder_version=&#8220;3.26.5&#8243;][\/et_pb_divider][et_pb_divider show_divider=&#8220;off&#8220; _builder_version=&#8220;3.26.5&#8243;][\/et_pb_divider][et_pb_divider show_divider=&#8220;off&#8220; _builder_version=&#8220;3.26.5&#8243;][\/et_pb_divider][et_pb_divider show_divider=&#8220;off&#8220; _builder_version=&#8220;3.26.5&#8243;][\/et_pb_divider][et_pb_text _builder_version=&#8220;3.27.4&#8243; header_font_size=&#8220;52px&#8220;]<\/p>\n<h1 style=\"text-align: center;\"><span style=\"color: #333333;\"><\/span><span style=\"color: #ffffff;\"><strong>So einfach und so lecker war es noch nie!<\/strong><br \/> <\/span><\/h1>\n<p>[\/et_pb_text][et_pb_divider show_divider=&#8220;off&#8220; _builder_version=&#8220;3.26.5&#8243;][\/et_pb_divider][et_pb_divider show_divider=&#8220;off&#8220; _builder_version=&#8220;3.26.5&#8243;][\/et_pb_divider][\/et_pb_column][\/et_pb_row][\/et_pb_section][et_pb_section fb_built=&#8220;1&#8243; _builder_version=&#8220;3.22&#8243;][et_pb_row _builder_version=&#8220;3.26.5&#8243;][et_pb_column type=&#8220;4_4&#8243; _builder_version=&#8220;3.26.5&#8243;][et_pb_text _builder_version=&#8220;3.27.4&#8243; header_3_line_height=&#8220;1.4em&#8220;]<\/p>\n<h3 style=\"text-align: justify;\"><span style=\"color: #333333;\"><strong><\/strong>Machen Sie Ihr Leben leichter! Der neue\u00a0Thermomix\u00ae\u00a0passt sich ganz Ihren individuellen W\u00fcnschen an Ihre Ern\u00e4hrung an. Lieben Sie K\u00fcchenklassiker, oder probieren Sie gerne aktuelle Foodtrends aus? Achten Sie vor allem auf gesundes, ausgewogenes Essen und auch auf Ihre Figur?\u00a0<\/span><\/h3>\n<p>[\/et_pb_text][et_pb_text _builder_version=&#8220;3.27.4&#8243;]<\/p>\n<h3 style=\"text-align: center;\"><span style=\"color: #008000;\">Egal, wie Ihre pers\u00f6nlichen Vorlieben beim Kochen aussehen \u2013 mit Thermomix\u00ae finden Sie die Antwort.<\/span><\/h3>\n<p>[\/et_pb_text][\/et_pb_column][\/et_pb_row][et_pb_row column_structure=&#8220;1_2,1_2&#8243; _builder_version=&#8220;3.26.5&#8243;][et_pb_column type=&#8220;1_2&#8243; _builder_version=&#8220;3.26.5&#8243;][et_pb_blurb title=&#8220;Der Thermomix l\u00e4sst keine W\u00fcnsche offen:&#8220; image=&#8220;https:\/\/aixmix.de\/wordpress\/wp-content\/uploads\/2019\/12\/tm_icon.png&#8220; icon_placement=&#8220;left&#8220; _builder_version=&#8220;3.26.5&#8243; header_font=&#8220;|700|||||||&#8220; header_text_color=&#8220;#347f0b&#8220; background_enable_image=&#8220;off&#8220; background_size=&#8220;contain&#8220;]<\/p>\n<p style=\"text-align: justify;\">Geniale Funktionen wie <strong>Dampfgaren, Emulgieren, Kneten, Kochen, Mahlen, Kontrolliertes Erhitzen, Mixen R\u00fchren, Schlagen, Vermischen, Wiegen und Zerkleinern<\/strong> unterst\u00fctzen Sie in Ihrer K\u00fcche!<\/p>\n<p>[\/et_pb_blurb][et_pb_blurb title=&#8220;Sous-vide-Garen&#8220; image=&#8220;https:\/\/aixmix.de\/wordpress\/wp-content\/uploads\/2019\/12\/tm_icon.png&#8220; icon_placement=&#8220;left&#8220; _builder_version=&#8220;3.26.5&#8243; header_font=&#8220;|700|||||||&#8220; header_text_color=&#8220;#347f0b&#8220; background_enable_image=&#8220;off&#8220; background_size=&#8220;contain&#8220;]<\/p>\n<p class=\"icon-teaser__text\">Bislang haupts\u00e4chlich in der Profi-K\u00fcche zu finden. Werde Experte f\u00fcr Fleisch- und Fischgerichte, Gem\u00fcse und Obst, sous-vide gegart mit deinem Thermomix\u00ae TM6.<\/p>\n<p>[\/et_pb_blurb][et_pb_blurb title=&#8220;Slow Cooking&#8220; image=&#8220;https:\/\/aixmix.de\/wordpress\/wp-content\/uploads\/2019\/12\/tm_icon.png&#8220; icon_placement=&#8220;left&#8220; _builder_version=&#8220;3.26.5&#8243; header_font=&#8220;|700|||||||&#8220; header_text_color=&#8220;#347f0b&#8220; background_enable_image=&#8220;off&#8220; background_size=&#8220;contain&#8220;]<\/p>\n<h5 class=\"icon-teaser__title\"><\/h5>\n<p class=\"icon-teaser__text\">Voll im Trend: Bereite zum Beispiel himmlisches Pulled Pork zu. Mit dem Slow-Cooking-Modus deines Thermomix\u00ae TM6.<\/p>\n<p>[\/et_pb_blurb][et_pb_blurb title=&#8220;Erhitzen bis 160 Grad&#8220; image=&#8220;https:\/\/aixmix.de\/wordpress\/wp-content\/uploads\/2019\/12\/tm_icon.png&#8220; icon_placement=&#8220;left&#8220; _builder_version=&#8220;3.26.5&#8243; header_font=&#8220;|700|||||||&#8220; header_text_color=&#8220;#347f0b&#8220; background_enable_image=&#8220;off&#8220; background_size=&#8220;contain&#8220;]<\/p>\n<p>R\u00f6staromen, angebratenes Fleisch &amp; sensationelle Karamellgerichte sind ab sofort Teil deiner Thermomix\u00ae TM6 Kreationen.<\/p>\n<p>[\/et_pb_blurb][et_pb_blurb title=&#8220;Reis kochen&#8220; image=&#8220;https:\/\/aixmix.de\/wordpress\/wp-content\/uploads\/2019\/12\/tm_icon.png&#8220; icon_placement=&#8220;left&#8220; _builder_version=&#8220;3.26.5&#8243; header_font=&#8220;|700|||||||&#8220; header_text_color=&#8220;#347f0b&#8220; background_enable_image=&#8220;off&#8220; background_size=&#8220;contain&#8220;]<\/p>\n<p class=\"icon-teaser__text\">Super f\u00fcr alle, die endlich automatisch Reis mit ihrem Thermomix\u00ae TM6 kochen wollen. Mit dem Modus \u201eReis kochen\u201c gelingen Reis, Bulgur und Hirse im Handumdrehen. Einfach einwiegen, Wasser und Salz zugeben und am Ende der Garzeit k\u00f6nnen Sie perfekt gegarte Beilagen servieren!<\/p>\n<p>[\/et_pb_blurb][\/et_pb_column][et_pb_column type=&#8220;1_2&#8243; _builder_version=&#8220;3.26.5&#8243;][et_pb_blurb title=&#8220;Andicken&#8220; image=&#8220;https:\/\/aixmix.de\/wordpress\/wp-content\/uploads\/2019\/12\/tm_icon.png&#8220; icon_placement=&#8220;left&#8220; _builder_version=&#8220;3.26.5&#8243; header_font=&#8220;|700|||||||&#8220; header_text_color=&#8220;#347f0b&#8220; background_enable_image=&#8220;off&#8220; background_size=&#8220;contain&#8220;]<\/p>\n<p class=\"icon-teaser__title\" style=\"text-align: justify;\">Ein echtes Highlight ist der neue Modus &#8222;Andicken&#8220;, denn mit diesem k\u00f6nnen Sie Saucen oder Puddings zubereiten, die mit Eiern, Mehl oder St\u00e4rke ihre cremige Konsistenz erhalten. Sie k\u00f6nnen einfach super easy alle Zutaten temperaturunabh\u00e4ngig gemeinsam in den Mixtopf geben. Das Ergebnis: kl\u00fcmpchenfreie, perfekt angedickte Saucen.<\/p>\n<p>[\/et_pb_blurb][et_pb_image src=&#8220;https:\/\/aixmix.de\/wordpress\/wp-content\/uploads\/2019\/12\/pic13.jpg&#8220; force_fullwidth=&#8220;on&#8220; _builder_version=&#8220;3.26.5&#8243; module_alignment=&#8220;center&#8220;][\/et_pb_image][et_pb_button button_url=&#8220;https:\/\/aixmix.de\/wordpress\/index.php\/kontakt\/&#8220; url_new_window=&#8220;on&#8220; button_text=&#8220;Noch Fragen?&#8220; button_alignment=&#8220;center&#8220; _builder_version=&#8220;3.26.5&#8243; custom_button=&#8220;on&#8220; button_text_color=&#8220;#347f0b&#8220; animation_style=&#8220;slide&#8220;][\/et_pb_button][\/et_pb_column][\/et_pb_row][et_pb_row _builder_version=&#8220;3.26.5&#8243;][et_pb_column type=&#8220;4_4&#8243; _builder_version=&#8220;3.26.5&#8243;][et_pb_divider color=&#8220;#347f0b&#8220; divider_weight=&#8220;5px&#8220; _builder_version=&#8220;3.26.5&#8243; filter_opacity=&#8220;50%&#8220;][\/et_pb_divider][et_pb_text _builder_version=&#8220;4.9.0&#8243;]<\/p>\n<h2 style=\"text-align: center;\"><strong><span style=\"color: #008000;\">Probieren Sie doch einfach die neuen Funktionen aus!<\/span><\/strong><\/h2>\n<p>[\/et_pb_text][\/et_pb_column][\/et_pb_row][et_pb_row _builder_version=&#8220;3.26.5&#8243;][et_pb_column type=&#8220;4_4&#8243; _builder_version=&#8220;3.26.5&#8243;][et_pb_text _builder_version=&#8220;3.27.4&#8243; header_3_line_height=&#8220;1.5em&#8220;]<\/p>\n<h3 style=\"text-align: justify;\">Auf die t\u00e4gliche K\u00fcchenfrage \u201eWas koche ich heute?\u201c liefert das digitale Thermomix\u00ae Rezept-Portal Cookidoo\u00ae mit tausenden Rezepten aus unseren Kochb\u00fcchern und Kollektionen schmackhafte Inspiration. Und das Beste: Sie k\u00f6nnen direkt von Ihrem Thermomix\u00ae aus auf Cookidoo\u00ae zugreifen.<\/h3>\n<p>[\/et_pb_text][et_pb_button button_url=&#8220;https:\/\/cookidoo.de\/foundation\/de-DE&#8220; url_new_window=&#8220;on&#8220; button_text=&#8220;Entdecke Cookidoo\u00ae&#8220; button_alignment=&#8220;center&#8220; _builder_version=&#8220;4.9.0&#8243; _module_preset=&#8220;default&#8220;][\/et_pb_button][et_pb_divider color=&#8220;#347f0b&#8220; divider_weight=&#8220;5px&#8220; _builder_version=&#8220;3.26.5&#8243; filter_opacity=&#8220;50%&#8220;][\/et_pb_divider][et_pb_text _builder_version=&#8220;3.27.4&#8243;]<\/p>\n<h1><strong><span style=\"color: #008000;\">Technische Daten <span>THERMOMIX<\/span><\/span><\/strong><strong><span style=\"color: #008000;\"><span>\u00ae\ufe0f <\/span><\/span><\/strong><strong><span style=\"color: #008000;\"><span>TM6<\/span>:<\/span><\/strong><\/h1>\n<p>[\/et_pb_text][et_pb_text _builder_version=&#8220;3.27.4&#8243; text_font=&#8220;|600|||||||&#8220; text_font_size=&#8220;17px&#8220;]<\/p>\n<ul>\n<li>Ma\u00dfe: H\u00f6he = 34,1 cm, Breite = 32,6 cm, Tiefe = 32,6 cm<\/li>\n<li>Gewicht: 7,95 kg<\/li>\n<li>Material: hochwertiger Kunststoff, rostfreier Edelstahl<\/li>\n<li>Motor: wartungsfreier Reluktanzmotor (500 W Nennleistung), stufenlose Drehzahleinstellung von Stufe l (100 U\/min) bis Stufe 10 (10.700 U\/min), Sanftr\u00fchrstufe (40 U\/min), Rechtslauf (zerkleinern), Linkslauf (R\u00fcckw\u00e4rtsdrehung, zum R\u00fchren ohne zerkleinern), Intervallbetrieb f\u00fcr Teig (Teigknet-Modus)<\/li>\n<li>Messer: Vier Klingen, wartungsfrei geschliffen, rostfreier Edelstahl<\/li>\n<li>Mixtopf: 2,2 Liter Fassungsverm\u00f6gen, integriertes Heizsystem und Temperatursensor<\/li>\n<li>Prozessor Datenspeicher und Arbeitsspeicher wie bei einem Smartphone: Quad-Core-Prozessor (Vier-Kern-Prozessor); 16 GB Flash; 1 GB DDR Ram<\/li>\n<li>Features und Funktionen durch regelm\u00e4\u00dfige<br \/>Software-Updates erweiterbar<\/li>\n<li>6,8&#8243; Display vergr\u00f6\u00dfertes Display mit h\u00f6herer Aufl\u00f6sung, noch intuitivere Bedienung<\/li>\n<li>Das Rezept-Portal Cookidoo\u00ae\ufe0f ist im Thermomix integriert: Rezeptsuche, St\u00f6bern, Kochen und Planen direkt \u00fcber den Touchscreen<\/li>\n<li>Sicherheit: der automatische Verriegelungsmechanismus erkennt die Geschwindigkeit des Mixmessers und erm\u00f6glicht ein \u00d6ffnen des Mixtopfdeckels erst nach Beenden des jeweiligen Arbeitsschrittes.<\/li>\n<li>Varoma\u00ae\ufe0f: Der Varoma wird aufgesetzt, um frisches Gem\u00fcse, Fleisch, Fisch oder S\u00fc\u00dfes sanft und einfach im Dampf zu garen. Er hat ein Fassungsverm\u00f6gen von 3,3 l<\/li>\n<li>R\u00fchraufsatz: zum Aufschlagen von Saucen und Cremes oder zum Schlagen von Sahne oder Eiwei\u00df<\/li>\n<li>Mixtopfdeckel: In den Mixtopfdeckel l\u00e4sst sich der Messbecher einsetzen<\/li>\n<li>Der neue\u00a0verbesserte Messbecher f\u00fcr komfortablere Handhabung (sitzt fester auf dem Mixtopfdeckel)<\/li>\n<li>Der neue Spatel aus flexiblerem Material f\u00fcr noch bessere Handhabung<\/li>\n<li>Der neue Gareinsatz nun verbessert mit Deckel<\/li>\n<\/ul>\n<p>[\/et_pb_text][et_pb_number_counter title=&#8220;Einfach.Selbst.Gemacht.&#8220; number=&#8220;100&#8243; _builder_version=&#8220;3.26.5&#8243; title_level=&#8220;h1&#8243; title_font=&#8220;|700|||||||&#8220; title_text_color=&#8220;#347f0b&#8220; number_text_color=&#8220;#347f0b&#8220;][\/et_pb_number_counter][\/et_pb_column][\/et_pb_row][et_pb_row _builder_version=&#8220;3.26.5&#8243;][et_pb_column type=&#8220;4_4&#8243; _builder_version=&#8220;3.26.5&#8243;][et_pb_text _builder_version=&#8220;4.9.0&#8243; _module_preset=&#8220;default&#8220; header_3_font_size=&#8220;20px&#8220; header_3_line_height=&#8220;1.5em&#8220; hover_enabled=&#8220;0&#8243; locked=&#8220;off&#8220; sticky_enabled=&#8220;0&#8243;]<\/p>\n<h3 style=\"text-align: justify;\">Das aktuelle Angebot und eine Auswahl meiner f\u00fcr InteressentInnen offenen K\u00fcchenpartys findest du auf meiner Mysite, das Informationsportal der Thermomix-Repr\u00e4sentantinnen.<\/h3>\n<h3 style=\"text-align: justify;\">Bitte nehme vor einer Bestellung \u00fcber diesen Link unbedingt pers\u00f6nlichen Kontakt mit mir auf, damit ich dich individuell beraten kann.<\/h3>\n<h3 style=\"text-align: justify;\">Auch in diesem Fall ist die kontaktlose Bestellung weiterhin m\u00f6glich.<\/h3>\n<p>[\/et_pb_text][et_pb_button button_url=&#8220;https:\/\/www.vorwerk.com\/de\/de\/c\/home\/produkt-vorfuehrung\/thermomix-kundenberatung\/thermomix.html\/ulrike.charlier&#8220; url_new_window=&#8220;on&#8220; button_text=&#8220;Mysite&#8220; button_alignment=&#8220;center&#8220; _builder_version=&#8220;4.9.0&#8243; _module_preset=&#8220;default&#8220; custom_button=&#8220;on&#8220; button_text_size=&#8220;30px&#8220; button_border_width=&#8220;3px&#8220; button_text_shadow_style=&#8220;preset4&#8243; box_shadow_style=&#8220;preset1&#8243; locked=&#8220;off&#8220;][\/et_pb_button][\/et_pb_column][\/et_pb_row][\/et_pb_section]<\/p>\n","protected":false},"excerpt":{"rendered":"<p>So einfach und so lecker war es noch nie! Machen Sie Ihr Leben leichter! Der neue\u00a0Thermomix\u00ae\u00a0passt sich ganz Ihren individuellen W\u00fcnschen an Ihre Ern\u00e4hrung an. Lieben Sie K\u00fcchenklassiker, oder probieren Sie gerne aktuelle Foodtrends aus? Achten Sie vor allem auf gesundes, ausgewogenes Essen und auch auf Ihre Figur?\u00a0Egal, wie Ihre pers\u00f6nlichen Vorlieben beim Kochen aussehen [&hellip;]<\/p>\n","protected":false},"author":1,"featured_media":0,"parent":0,"menu_order":0,"comment_status":"closed","ping_status":"closed","template":"","meta":{"_et_pb_use_builder":"on","_et_pb_old_content":"","_et_gb_content_width":""},"_links":{"self":[{"href":"https:\/\/aixmix.de\/wordpress\/index.php\/wp-json\/wp\/v2\/pages\/26"}],"collection":[{"href":"https:\/\/aixmix.de\/wordpress\/index.php\/wp-json\/wp\/v2\/pages"}],"about":[{"href":"https:\/\/aixmix.de\/wordpress\/index.php\/wp-json\/wp\/v2\/types\/page"}],"author":[{"embeddable":true,"href":"https:\/\/aixmix.de\/wordpress\/index.php\/wp-json\/wp\/v2\/users\/1"}],"replies":[{"embeddable":true,"href":"https:\/\/aixmix.de\/wordpress\/index.php\/wp-json\/wp\/v2\/comments?post=26"}],"version-history":[{"count":25,"href":"https:\/\/aixmix.de\/wordpress\/index.php\/wp-json\/wp\/v2\/pages\/26\/revisions"}],"predecessor-version":[{"id":330,"href":"https:\/\/aixmix.de\/wordpress\/index.php\/wp-json\/wp\/v2\/pages\/26\/revisions\/330"}],"wp:attachment":[{"href":"https:\/\/aixmix.de\/wordpress\/index.php\/wp-json\/wp\/v2\/media?parent=26"}],"curies":[{"name":"wp","href":"https:\/\/api.w.org\/{rel}","templated":true}]}}